hen j is divided by 10.
2
Let m be (-4)/6*(7 + 2). Let d(q) = -3*q - 14. Let i be d(m). Suppose i*v + 43 = 83. What is the remainder when 38 is divided by v?
8
Suppose -95522 = -154*k + 45388. What is the remainder when k is divided by 7?
5
Let y(m) = m**3 - 44*m**2 + 49*m + 95. What is the remainder when y(43) is divided by 90?
83
Suppose -177 = -18*y + 273. What is the remainder when 76 - 5/1*-1 is divided by y?
6
Suppose -o - 72*q + 5396 = -71*q, 10789 = 2*o + 3*q. What is the remainder when o is divided by 9?
8
Let d(t) = -7*t + 2. Let k(y) = 6*y + 392. What is the remainder when k(-55) is divided by d(-5)?
25
Suppose 5254 = 3*g + 88 - 1350. Calculate the remainder when g is divided by 18.
12
Suppose 85*v - 21*v = 8512. What is the remainder when v is divided by (6 - 108/16)*-28?
7
Let t = 36 + -26. Suppose 3*y + 3 + 5 = -5*d, 3*y + 4*d + 4 = 0. What is the remainder when 38 is divided by t + 2 + (-3)/1 + y?
12
Suppose -u + 6*a = 0, -17*u + 21*u = -3*a + 108. Calculate the remainder when 302 is divided by u.
14
Suppose 3*g = -g + 952. Let z = g + -178. Calculate the remainder when z is divided by 16.
12
Let y(n) = -11*n - 35. Let f(c) = -c**3 - 16*c**2 + 16*c - 22. Let k be f(-17). Calculate the remainder when y(k) is divided by 14.
6
Let t = 63 + -51. Let w be 310/4 + (-24)/16. Suppose 0 = -9*q + w + 5. What is the remainder when t is divided by q?
3
Let j = -68 - -74. Suppose -j = 2*q + 5*n - 1, 0 = n + 1. Suppose q = 2*p - 5*s - 5, s + 3 - 6 = 0. Calculate the remainder when 22 is divided by p.
2
Let m = -373 + 142. Let h = -147 - m. Suppose -3*l + 2*a + 71 = 16, a - 66 = -4*l. What is the remainder when h is divided by l?
16
Suppose 10*x + 2448 = x. Let z = x - -304. Calculate the remainder when z is divided by (14/(-3))/((-4)/6).
4
Let p be 28/(-49) + 4/7. Suppose -t + 780 = 3*m - 6*m, p = -t + 2*m + 775. What is the remainder when t is divided by 59?
57
Suppose -5*d + 8*z + 3122 = 10*z, -1871 = -3*d + z. Calculate the remainder when d is divided by 231.
162
Let y(k) = 2458*k + 8601. What is the remainder when y(-3) is divided by 44?
39
What is the remainder when (42/(-4))/(4/(-8)) is divided by 0 - (-116)/6 - 148/444?
2
Let i(t) = 15*t - 133. Let w be i(15). Suppose -79 = -9*j + w. What is the remainder when 341 is divided by j?
18
Let f = 144 + 355. Let k = f - 339. Calculate the remainder when k is divided by 9.
7
Let q(d) = 10*d - 4. Let s(n) = n**2 - n. Let x(i) = q(i) + 4*s(i). Suppose -38 = -4*t - 18. Calculate the remainder when x(t) is divided by 26.
22
Let b = 105 + -91. Suppose -2*x = 5*f - 690, 993 = -x + 4*x - 3*f. Calculate the remainder when x is divided by b.
13
Let h(f) = 2*f**3 - 13*f**2 + 7*f - 3. Let m be h(6). Suppose -1082 = -3*a - y + m*y, 1458 = 4*a + 5*y. What is the remainder when a is divided by 13?
11
Suppose -i = 2*k - 184, i - 2*k - 41 - 147 = 0. Calculate the remainder when i is divided by 75.
36
Let i be 40/(-36) - 14276/(-747). Suppose z - 7 = 10. Suppose 67 = -z*k + i*k. What is the remainder when k is divided by 17?
16
Let r = -16 - 2. What is the remainder when (-539)/(-9) + -10 + (-819)/(-81) is divided by (-6)/r - (-98)/3?
27
Suppose 42 = 5*s - 2*s. Suppose 0 = 16*l - s*l - 12. Let h = l + 56. What is the remainder when h is divided by 32?
30
Suppose -3*o - 15 = u, 4*u - 3*o = -7*o - 60. What is the remainder when 142 is divided by 120/(-9)*27/u?
22
Suppose -c = 2*c - 42. Suppose 0 = 40*t - 56*t + 2880. Calculate the remainder when t is divided by c.
12
Let m(b) = -2*b**3 + 4*b**2 + 2*b + 2. Let k be m(-2). Suppose t = -5, 0 = 3*g + 4*t - k + 5. Calculate the remainder when 40 is divided by g.
10
Calculate the remainder when (4/(-14) - 136/112) + 1038/12 is divided by 45.
40
Suppose -43 = -2*o + h, -471*o + 472*o - 17 = 2*h. What is the remainder when 264 is divided by o?
11
Suppose 0 = 161*y - 80*y - 18954. What is the remainder when 9825 is divided by y?
231
Let i = 2892 - 2875. Calculate the remainder when 387 is divided by i.
13
Let r(m) = 2*m**3 - 19*m**2 - 166*m + 47. Calculate the remainder when 556 is divided by r(15).
12
Let p(l) = l**2 - 17*l + 3. Let j be p(17). Let f be -1 - ((j - -1) + -4). Calculate the remainder when f/(1 - (-20)/(-16)) is divided by 3.
1
Let s = 57 + -53. Suppose 5 = 3*k - s. What is the remainder when 112 is divided by (-6)/(-27) + k/(27/259)?
25
Let u be (-28)/(-63)*63/14. Suppose -u*b = -2*v + 34, -4*v = -0*v + 3*b - 68. Calculate the remainder when 59 is divided by v.
8
Let t be (-18)/(-2 - 0)*366/18. Let k = 225 - t. Suppose -29 = 5*u - 89. Calculate the remainder when k is divided by u.
6
Suppose -7*c = -16 + 128. Let p(k) = -47*k - 18 + 12*k - 23*k**2 + 21*k**2. Calculate the remainder when p(c) is divided by 8.
6
Let s = 3624 + -2410. Calculate the remainder when s is divided by 27.
26
Suppose 10 + 24 = 4*y - 2*f, 3*y + 5*f = 58. Let k(w) = 2*w**2 - 89*w - 227. Calculate the remainder when (y/(-3))/((-5)/30) is divided by k(47).
6
Suppose 2*y = 5*n - 29, -y - 3*y - 8 = 0. Suppose 2*i - 7*i + 81 = -a, 85 = 5*i - n*a. Calculate the remainder when 90 is divided by i.
10
Let c be 3 + 10/(-3) + 9/27. Suppose c = 4*t + 10 - 2. What is the remainder when 13 is divided by -6*t/(-24)*-14?
6
Let a(b) = -6*b**2 - 40*b + 485. Let l(p) = -4*p**2 - 21*p + 243. Let h(z) = 3*a(z) - 5*l(z). Calculate the remainder when h(0) is divided by 9.
6
Suppose -3*u - 201 = 29*y - 33*y, 5*y - u = 232. What is the remainder when 533 is divided by y?
38
Let k(v) = 60*v - 59. Let l(z) = -z**2 + 3*z + 42. Let w be l(-5). Calculate the remainder when k(w) is divided by 29.
3
Suppose -62990 = -9*d - 19619. Suppose -26*u = -d + 373. What is the remainder when u is divided by 58?
55
Suppose 0 = -2*w + 3 - 11, 3*i = 2*w + 134. Suppose -4*m + 84 = -0*a + 4*a, 5*m - 115 = 5*a. Calculate the remainder when i is divided by m.
20
Let k(z) = -4*z + 20. Let h(u) = u + 14. Let q(l) = -4*l - 69. Let s(v) = 11*h(v) + 2*q(v). What is the remainder when s(14) is divided by k(0)?
18
Let z = 123 - 131. Calculate the remainder when 16/6*(2 - 308/z) is divided by 11.
9
Suppose -4*u - 4*u + 56 = 0. Suppose -2*g - u*g = -1710. Calculate the remainder when g is divided by 32.
30
Let x = -262 - -189. Let m = x - -106. Let k(g) = 96*g**3 - g + 1. What is the remainder when k(1) is divided by m?
30
Let p be 12/8 + -565*8/(-80). Let g = -14 - -31. What is the remainder when ((-81)/(-54))/(3/p) is divided by g?
12
Suppose -j + 415 = -g, -29*j + 32*j - 1210 = -4*g. What is the remainder when j is divided by 38?
30
Let i be (1 + (0 - -1)/(-1))/(-1). Let z(w) = 5*w**2 - 5*w**2 + w + w**3 - 4*w**2 - 4 + i*w**3. Calculate the remainder when z(5) is divided by 7.
5
Let t(b) = -b + 5819. Calculate the remainder when t(-58) is divided by 1469.
1
Suppose -1966 - 2336 = -64*h - 1422. Calculate the remainder when h is divided by 16.
13
Let x = 1404 + -1317. What is the remainder when 648 is divided by x?
39
Let i = 19177 - -10232. What is the remainder when i is divided by 19?
16
Suppose 0 = 2*j - z - 157, j = 4*j - 3*z - 237. What is the remainder when j is divided by 23?
9
Let v(t) = -t - 13. Let y be v(-6). Let r(c) = -48*c - 4. Let k(s) = 16*s + 1. Let o(q) = -10*k(q) - 3*r(q). What is the remainder when o(y) is divided by 29?
27
Suppose -g = -4*q + 604, -4*g + q - 3822 = -1346. Calculate the remainder when 181 is divided by 2/10*-2*g/8.
26
What is the remainder when 26/(-702)*-6 - 1364/(-18) is divided by 16?
12
Let v = -209 + 233. Suppose 0 = 2*x - 3*y - v, x = 5*y - 4*y + 12. Calculate the remainder when 31 is divided by x.
7
Suppose 3*y = 2*p - 11, 67 - 65 = -p + 4*y. Calculate the remainder when 208 is divided by p.
8
Suppose 3*p + 92 + 322 = 4*f, 3*p = -3*f + 300. Let r = -68 - -76. Suppose -51 + 155 = r*s. What is the remainder when f is divided by s?
11
Suppose -6*y + 2*y + 5*v + 147 = 0, 5*y = 5*v + 185. Let d = -58 + 69. What is the remainder when y - ((4 - 4) + -3) is divided by d?
8
Suppose 2*l - 61 = 5*w, -2*l - 3 - 1 = 0. Let c = -10 - w. Calculate the remainder when 22 is divided by 1/(-3*c/(-117)).
9
Suppose 3*w = -2*p + 21, -5*p - 86*w + 91*w + 115 = 0. Calculate the remainder when 2175 is divided by p.
15
Let w(c) = -332*c + 1490. What is the remainder when 6638 is divided by w(4)?
158
Let c(a) = -7*a